t**2. Determine f(2).
10
Suppose -d - 18 = 4*p, 134*p - 131*p = -5*d - 5. Let s(j) be the third derivative of j**5/20 - j**4/8 + j**3/3 - j**2. What is s(d)?
8
Let f(i) be the first derivative of -5*i**2/2 - 2. Let l(x) = 6 - 6*x - 4 - 7 + 2 + x**3 - 5*x**2. Let o be l(6). Determine f(o).
15
Let g(o) = o**3 - 4*o**2 + 3. Suppose 3*x = -6 + 18. Let z = -15 - -24. Suppose 0 = x*a - 7*a + z. What is g(a)?
-6
Let j(a) = -a**3 + 7*a**2 - 8*a. Suppose 0*f + f + 5*b = -14, -3*f - 2*b = -10. Calculate j(f).
-12
Suppose 5*s = 3*s. Let x(o) = 4 + s*o - 1 + o. Let t(j) = -j**2 - 1102*j - 5490. Let z be t(-5). Determine x(z).
-2
Let g(r) = -r**2 + 2*r + 15. Suppose 92*d = 102*d - 70. Calculate g(d).
-20
Let p(j) = 12*j**3 + 2*j**2 - 3*j + 2. Let d be p(1). Let m(y) = -y**2 + 16*y - 30. Determine m(d).
9
Let v(a) = -222*a**2 - a**3 + 2 - 224*a**2 + 444*a**2. Suppose -3*c + 6 = 12. Give v(c).
2
Let u(g) = g**2 + g - 5. Let z(b) = -b**2 - b + 5. Let v(r) = -3*u(r) - 4*z(r). Give v(-4).
7
Let a(g) = g**2 - 6*g - 4. Let y(w) = -12*w**2 - w. Let z be y(-1). Let h(j) = -j**3 - 10*j**2 + 11*j + 5. Let i be h(z). Determine a(i).
-9
Let w be 4/(-10) + (-14)/(-10). Let t = w - 2. Let k(j) be the second derivative of -3*j**4/4 + j**3/3 + j**2/2 - 179*j. Determine k(t).
-10
Suppose 4*l - 21 + 13 = 0. Suppose -80 = 4*s - r, -s + l*r + 0*r = 20. Let p be 9/(-12) + s/16. Let a(b) = b - 2. Calculate a(p).
-4
Suppose -2*g = m + 6, -4*m - 5 = 5*g + m. Let u(w) = w + 11. Let z be u(g). Let q(d) = d + 57. Let s(y) = 19. Let p(l) = -q(l) + 3*s(l). Give p(z).
-6
Let o(q) = 13*q**3 - 27*q**2 + 6*q - 20. Let w(h) = -7*h**3 + 14*h**2 - 3*h + 11. Let p(a) = 6*o(a) + 11*w(a). What is p(7)?
-27
Let v(d) = 3*d**2 + 13*d - 15. Let q(m) = -m**2 - 6*m + 7. Let a(c) = 13*q(c) + 6*v(c). Let x = 129 - 52. Let r = x - 76. What is a(r)?
6
Let t(r) = r**2 + r - 3. Let o = 120 + -73. Let h = -50 + o. Give t(h).
3
Let s(f) = -f**3 - 2*f**2 + 2*f + 1. Let b(j) = -j**3 - 3*j**2 - j - 2. Let q be b(-3). Let r be (8 + -6)*(-2 + q). Determine s(r).
-3
Let y(g) = 5*g + 58. Let r be y(-12). Let z(u) = -2*u**3 - 4*u**2 - u + 3. Determine z(r).
5
Let j(m) = -m**3 - 5*m**2 + 2*m + 6. Let y be j(-5). Let q(x) = -2*x**2 - 2*x. Give q(y).
-24
Let d(b) = -4*b + 3. Suppose 5*j - 3*i - 11 = -i, -2*j + 17 = -5*i. Let u be 3*(16/20 - j/(-5)). Calculate d(u).
-9
Let h(k) be the first derivative of 1/2*k**2 - 1 - 4*k + 1/3*k**3. Let a be (0 + -1)*0/(2 - -1). Give h(a).
-4
Suppose 0 = 82*j - 68*j. Let h(m) = m - 27. Calculate h(j).
-27
Let o(c) = -c + 7. Let j(m) = -m**2 - 14*m + 7. Let d be j(-12). Suppose 29*q = d*q + 12. Determine o(q).
13
Let x = 64 - 60. Let c(b) = 2*b - 8*b + x*b - 7 + 3*b. Give c(0).
-7
Suppose 30*z = 90 - 240. Let f(y) = 2*y - 4. Let g be f(3). Let i(s) = -2*s**g - 5*s + 0*s**2 + 5 + s**2. Give i(z).
5
Let x(u) = -u + 8*u**2 - 32*u**2 + 43 - 52 - u**3 + 12*u**2. Calculate x(-12).
3
Let i(o) = -8*o + 2. Let x(z) = z**3 + 6*z**2 + 5*z - 6. Let w be x(-5). Let g(c) = -7*c + 2. Let t(j) = w*g(j) + 5*i(j). Give t(3).
4
Let i(c) = 6*c + 2 - 3*c + c + 4*c**2. Let w = -36 - -36. Suppose -11*q - 10*q - 42 = w. What is i(q)?
10
Let j(b) be the third derivative of -b**4/24 - 3*b**3/2 + b**2 + 15. Calculate j(0).
-9
Suppose 5*a - 4 - 6 = 0. Suppose -3 = 3*t - 9. Let r(q) = 3*q**t - 2 - q**3 + 0*q**3 - q**2 + 0*q**2. Calculate r(a).
-2
Let k = -12 + 7. Let y(s) be the second derivative of s**5/20 + 5*s**4/12 - s**2 + 19*s - 4. What is y(k)?
-2
Let u(t) = -78*t**2 - t - 1. Suppose 7 = -9*w + 2*w. Give u(w).
-78
Let l(j) = -j + 11*j + 64 + 8*j**2 - 66 - 9*j**2. Determine l(10).
-2
Let c(s) = -s**3 + 3*s**2 + 5*s + 1. Suppose 0 = 5*g + 3*r - 29, g = -18*r + 21*r - 5. Determine c(g).
5
Let m = 6 - 10. Suppose 4*x - 3 = x. Let g(a) = -x - 5*a**2 + 0 + 0 - a**3 - 1 - 3*a. Determine g(m).
-6
Suppose 0*i + 52 = 4*i. Suppose -3 = 2*p - i. Let d(m) = -p + 4 - m**2 + 5 - m. Give d(0).
4
Let u(r) = r**2 + 6*r - 16. Let b = -516 + 509. Determine u(b).
-9
Let u(m) = -m**3 - 11*m**2 - 7*m + 33. Let i be u(-10). Let z(a) be the first derivative of -1/3*a**i + a**2 + 4 - 3*a. Determine z(3).
-6
Let b(d) be the second derivative of d**5/20 + d**4/12 - d**3/3 + 3*d**2/2 + 320*d. What is b(2)?
11
Let i = -3 + -5. Let t be 1/3 - 4/(-6). Let l be t/(i/(-4))*0. Let y(a) = a + 13. What is y(l)?
13
Suppose -2*b - 5 = 4*x - 3*x, 0 = x - 1. Let m(g) be the third derivative of -g**5/60 - g**4/8 - g**3/6 - g**2. Calculate m(b).
-1
Suppose -2438 = r - 2443. Let n(f) be the third derivative of 8*f**2 + 1/3*f**4 - 2/3*f**3 + 0*f - 1/60*f**r + 0. What is n(6)?
8
Suppose 0 = -2*r + 5*l + 11, -38*r + 41*r - 3*l = -6. Let k(g) = g**3 + 6*g**2 - 3*g + 7. Calculate k(r).
-21
Let i(u) = 3*u - 3. Suppose 0 - 4 = -m. Suppose -4 - m = 4*l. Let f be (-88)/(-33) + l/3. Give i(f).
3
Let g = -1 - -7. Suppose 0 = -3*w + 4*w + g. Let t(b) be the first derivative of -b**2 - 9*b + 3. What is t(w)?
3
Let a(d) = -d**2 - 6*d. Let j be a(-5). Suppose 19 = k - 5*y, 7 + j = -4*y. Let o(x) be the first derivative of x**3/3 - 2*x**2 - 5*x - 2. What is o(k)?
-5
Let z(g) = g**3 - 5*g**2 + 4*g + 1. Suppose 0 = 2*s - 2*a + 4, -2*s + 4*a = -s + 5. Let n(t) = -7*t - 3. Let c be n(s). Calculate z(c).
1
Let o(h) = 4*h**2 - 2*h - 1. Let r(x) = 7*x**2 - 3*x - 1. Let v(d) = 3*o(d) - 2*r(d). Give v(1).
-3
Let r(t) = 0 + 1 + 3 - 9*t. Let b(h) = -20*h + 17. Let f(k) = -18*k + 19. Let g(m) = 4*b(m) - 3*f(m). Let w(v) = 6*g(v) - 17*r(v). Determine w(-2).
4
Let p(h) = -9*h - 3. Let c be ((-12)/(-10))/(-1 - 70/(-50)). Determine p(c).
-30
Let x(c) = c**2 + 2*c - 3. Let g be x(-4). Suppose 3*z - 11 = w, -3*w = -g*z + w + 16. Let i(s) = -10 - s**2 + s + z + s**3 - 2*s**3. What is i(0)?
-6
Let q be (-1 - -60) + (-30)/(-6) + -8. Suppose -4*x = 2*k - 5*k - q, 0 = 5*k + 20. Let h(a) = -a + 17. What is h(x)?
6
Let m(w) be the second derivative of -w**6/720 - w**5/24 + w**4/3 - 2*w. Let y(v) be the third derivative of m(v). Suppose 6 = -3*i - 12. Give y(i).
1
Suppose 32 = 4*h + 8. Suppose 7*w = w + h. Let g(c) = 10*c + 1. Give g(w).
11
Let l(p) = -7*p**2 - 2. Let d(u) be the third derivative of 2*u**5/15 + u**4/24 + u**3/3 - 41*u**2. Let w(c) = -4*d(c) - 5*l(c). Calculate w(2).
6
Let m = -938 - -944. Let p(g) be the first derivative of g**4/4 - 2*g**3 - g - 1. Determine p(m).
-1
Let p(m) = -2*m**2 + 2*m + 1. Suppose i + 11 = 2*a, -2*i + 2*a + 5 - 33 = 0. Let n = -18 - i. Determine p(n).
-3
Let t(n) = 4*n**3 - 9*n**2 + 8*n + 48. Let k(x) = -3*x**3 + 6*x**2 - 4*x - 32. Let a(i) = 7*k(i) + 5*t(i). Give a(-5).
6
Let m be 0/(-4 - 30/(-3)). Let u(i) = i**2 - i - 2. Give u(m).
-2
Suppose -5*l - p = -28, -15*l + p + 20 = -12*l. Let u(h) = h**2 + h + 4. Determine u(l).
46
Let s = 1076 - 1073. Let c(x) = -5*x - 2*x + x + 2. Give c(s).
-16
Let w(j) = 4*j**3 - j**2 + j + 1. Suppose -4*z = -z + 90. Let x be (-3)/2*z/9. Suppose 2*g = x*t + 3, -2*t = -5*g + 2 - 5. Determine w(t).
-5
Let w = -22 + 24. Let h(j) = w*j**2 - 3*j + j**3 + 43 - 43. Suppose m = -0*m - 3. Give h(m).
0
Let j(v) = -1 - v + 8*v**3 + 2*v - 3*v. Let w be j(-1). Let b(c) = 18*c - 26*c + 15*c + 6*c**2 + 0 + 9 - 5*c**2. Determine b(w).
9
Let z(w) = w - 11. Let d(i) = i**3 - 8*i**2 - 2*i + 20. Let m be d(8). Let j be z(m). Let g(o) = 2*o + 9. What is g(j)?
-5
Let z(g) = 4 + g + 4 - 1 - g**3 - g**2. Let d(j) = 4*j + 2. Let q be d(0). Let x = -2 + q. What is z(x)?
7
Let c(v) = 79 - 2*v**2 - 79 + v - 2*v. Suppose 0 = -k - 6 + 4. Calculate c(k).
-6
Let b(f) = 33*f - 133. Let z be b(4). Let o(d) = -10*d**2 + 1. Determine o(z).
-9
Let w(o) = -31*o**2 - 280*o - 9. Let c be w(-9). Let m(s) = s**3 + s**2 - s - 34. Calculate m(c).
-34
Let u(o) = -2*o**3 + 15*o**2 + 10*o - 1. Let b be u(8). Let m(t) = 8*t - b*t + 6*t. Give m(9).
-9
Let h(m) be the second derivative of m**6/120 + 7*m**5/60 + m**4/24 - m**3/6 + 27*m**2/2 - 26*m. Let u(y) be the first derivative of h(y). Determine u(-7).
-8
Suppose -45 = 2*c - b - 62, 3*b + 16 = c. Let r(v) = v + 3. What is r(c)?
10
Suppose 3*f - 1000 + 985 = 0. Let z(l) = -l**3 + 7*l**2 - 8*l + 6. Determine z(f).
16
Let i(w) = w + 8. Let n(d) = -d**3 + 5*d**2 + d - 5. Let q be (10 - 6)*2/4. Suppose -q*u = -9 - 1. Let v be n(u). Calculate i(v).
8
Let p(z) = 2*z**2 - z + 6. Let f(r) be the second derivative of r*